{"id":242492,"date":"2024-12-20T11:07:57","date_gmt":"2024-12-20T11:07:57","guid":{"rendered":"https:\/\/simoneelle.it\/wh200226\/?post_type=viaggio&#038;p=242492"},"modified":"2026-02-24T10:58:05","modified_gmt":"2026-02-24T10:58:05","slug":"dolomiti-hike-and-spa-avventura-relax","status":"publish","type":"viaggi-trekking","link":"https:\/\/simoneelle.it\/wh200226\/viaggi-trekking\/dolomiti-hike-and-spa-avventura-relax\/","title":{"rendered":"Dolomiti Hike &#038; Spa"},"featured_media":244418,"parent":0,"template":"","meta":{"_acf_changed":false},"tags":[],"destinazione-viaggio-trekking":[],"difficolta-fisica":[9],"difficolta-tecnica":[13],"tipologia_viaggio":[],"class_list":["post-242492","viaggi-trekking","type-viaggi-trekking","status-publish","has-post-thumbnail","hentry","difficolta-fisica-moderata","difficolta-tecnica-escursionistica"],"acf":{"tappe":[{"titolo_tappa":"GIORNO 1 \u2013 Arrivo a Santa Cristina","lunghezza":"","dislivello":"","descrizione_tappa":"Arrivo a Santa Cristina in Val Gardena nel pomeriggio, assegnazione delle camere e sistemazione.\r\nAlle 18.30 aperitivo di benvenuto presso l\u2019hotel per la presentazione della guida escursionistica locale che ci accompagner\u00e0 durante le escursioni.\r\nA seguire cena in hotel.appa del viaggio"},{"titolo_tappa":"GIORNO 2 \u2013 Rasciesa","lunghezza":13,"dislivello":500,"descrizione_tappa":"La prima tappa del nostro viaggio a piedi sar\u00e0 l\u2019altopiano della Rasciesa, nel cuore del Parco Naturale Puez-Odle, che con i suoi 1000 ettari si estende tra la Val Gardena a sud e l\u2019incantevole Val di Funes a nord.\r\n\r\nDa Ortisei saliremo con la funicolare fino all\u2019Alpe che attraverseremo con un\u2019escursione ad anello. Tra boschi, colline, sentieri e deliziosi prati che costellano i crinali di questo altopiano raggiungeremo la cima Rasciesa di Fuori a 2284 metri.\r\n\r\nPranzeremo in rifugio gustando piatti tipici della zona circondati dal panorama mozzafiato di alcune tra le pi\u00f9 celebri cime dolomitiche: Marmolada, Sassolungo e Catinaccio."},{"titolo_tappa":"GIORNO 3 \u2013 Sassolungo e Sassopiatto","lunghezza":15,"dislivello":550,"descrizione_tappa":"Questa escursione sar\u00e0 un susseguirsi di panorami e vedute alpine che si affacciano sulle\r\nmontagne pi\u00f9 notevoli dell\u2019intero complesso dolomitico. Esploreremo da vicino il gruppo del Sassolungo che comprende il Sasso Levante e il massiccio del Sassopiatto.\r\n\r\nCammineremo lungo il sentiero di crinale Federico Augusto, un\u2019antica via di comunicazione utilizzata soprattutto a fini militari tra la Val di Fassa e l\u2019Alpe di Siusi, lungo il quale una dolce sorpresa delizier\u00e0 i nostri palati.\r\n\r\nA seguire raggiungeremo il Rifugio Sassopiatto dove ci fermeremo per il pranzo e per un meritato riposo prima di riprendere la strada verso l\u2019albergo.l viaggio"},{"titolo_tappa":"GIORNO 4 \u2013 Monte Pic","lunghezza":9,"dislivello":330,"descrizione_tappa":"Il terzo giorno ci regaleremo un\u2019escursione pi\u00f9 semplice, per recuperare un po\u2019 di forze, utilizzando anche la funicolare Col Raiser.\r\n\r\nSaliremo sul Monte Pic, sopra il paese di Santa Cristina, una montagna pi\u00f9 bassa rispetto alle vette dolomitiche circostanti, che grazie alla sua posizione centrale \u00e8 per\u00f2 in grado di regalare uno straordinario panorama sulla Val Gardena.\r\n\r\nPer goderci lo scenario al meglio raggiungeremo la cima del Monte Pic (2363 m) attraversando l\u2019Alpe Seurasas, e da l\u00ec si apriranno vedute paradisiache sull\u2019intera valle: le Odle, il gruppo Sella, Il Sassolungo e il Sassopiatto, l\u2019Alpe di Siusi, le cime di Terrarossa e lo Sciliar.\r\n\r\nPranzeremo in rifugio in totale relax e attorniati da uno spettacolo a 360 gradi."},{"titolo_tappa":"GIORNO 5 \u2013 Giro del Puez","lunghezza":16,"dislivello":800,"descrizione_tappa":"Questa sar\u00e0 l\u2019escursione pi\u00f9 impegnativa di tutto il nostro viaggio, ma anche la pi\u00f9 bella.\r\n\r\nCon la funicolare Col Raiser saliremo fino all\u2019altopiano del Puez, situato nel Parco nazionale Puez-Odle, dove ci aspetta un paesaggio meraviglioso, dall\u2019aspetto lunare, caratterizzato da ambienti rocciosi estremamente scenografici con una vista a 360 gradi su tutti i vicini gruppi dolomitici: le Odle, il gruppo Sella, la Marmolada, il Piz Bo\u00e8 e il gruppo del Sassolungo.\r\n\r\nRaggiungeremo quindi il Rifugio Puez a quota 2475 metri per il pranzo, per poi rientrare verso Selva percorrendo la Vallunga, la valle per eccellenza della Val Gardena."},{"titolo_tappa":"GIORNO 6 \u2013 Alpe di Siusi","lunghezza":16,"dislivello":800,"descrizione_tappa":"Con l\u2019ultima escursione della settimana sarete affascinati dalla vista panoramica che vi offrir\u00e0 L\u2019Alpe di Siusi, il pi\u00f9 esteso altipiano d\u2019Europa ed uno dei luoghi pi\u00f9 spettacolari al mondo.\r\n\r\nA un\u2019altitudine compresa tra 1.700 e 2.400 metri assaporerete una reale sensazione di benessere con panorami mozzafiato sulle vicine cime dolomitiche di Sassolungo, Sassopiatto e Sciliar, e dai profumati prati delle malghe.\r\n\r\nSar\u00e0 una giornata all\u2019insegna del relax in natura gustando deliziose specialit\u00e0 con i sapori alpini."},{"titolo_tappa":"GIORNO 7 \u2013 Rientro","lunghezza":"","dislivello":"","descrizione_tappa":"Ultimo giorno. Dopo colazione, potrete godervi una giornata di relax, approfittando ancora per qualche ora della bellissima piscina dell\u2019albergo, o dedicarvi allo shopping."}]},"_links":{"self":[{"href":"https:\/\/simoneelle.it\/wh200226\/wp-json\/wp\/v2\/viaggi-trekking\/242492","targetHints":{"allow":["GET"]}}],"collection":[{"href":"https:\/\/simoneelle.it\/wh200226\/wp-json\/wp\/v2\/viaggi-trekking"}],"about":[{"href":"https:\/\/simoneelle.it\/wh200226\/wp-json\/wp\/v2\/types\/viaggi-trekking"}],"version-history":[{"count":9,"href":"https:\/\/simoneelle.it\/wh200226\/wp-json\/wp\/v2\/viaggi-trekking\/242492\/revisions"}],"predecessor-version":[{"id":247723,"href":"https:\/\/simoneelle.it\/wh200226\/wp-json\/wp\/v2\/viaggi-trekking\/242492\/revisions\/247723"}],"wp:featuredmedia":[{"embeddable":true,"href":"https:\/\/simoneelle.it\/wh200226\/wp-json\/wp\/v2\/media\/244418"}],"wp:attachment":[{"href":"https:\/\/simoneelle.it\/wh200226\/wp-json\/wp\/v2\/media?parent=242492"}],"wp:term":[{"taxonomy":"post_tag","embeddable":true,"href":"https:\/\/simoneelle.it\/wh200226\/wp-json\/wp\/v2\/tags?post=242492"},{"taxonomy":"destinazione-viaggio-trekking","embeddable":true,"href":"https:\/\/simoneelle.it\/wh200226\/wp-json\/wp\/v2\/destinazione-viaggio-trekking?post=242492"},{"taxonomy":"difficolta-fisica","embeddable":true,"href":"https:\/\/simoneelle.it\/wh200226\/wp-json\/wp\/v2\/difficolta-fisica?post=242492"},{"taxonomy":"difficolta-tecnica","embeddable":true,"href":"https:\/\/simoneelle.it\/wh200226\/wp-json\/wp\/v2\/difficolta-tecnica?post=242492"},{"taxonomy":"tipologia_viaggio","embeddable":true,"href":"https:\/\/simoneelle.it\/wh200226\/wp-json\/wp\/v2\/tipologia_viaggio?post=242492"}],"curies":[{"name":"wp","href":"https:\/\/api.w.org\/{rel}","templated":true}]}}

Arrivo a Santa Cristina in Val Gardena nel pomeriggio, assegnazione delle camere e sistemazione.
Alle 18.30 aperitivo di benvenuto presso l’hotel per la presentazione della guida escursionistica locale che ci accompagnerà durante le escursioni.
A seguire cena in hotel.appa del viaggio

La prima tappa del nostro viaggio a piedi sarà l’altopiano della Rasciesa, nel cuore del Parco Naturale Puez-Odle, che con i suoi 1000 ettari si estende tra la Val Gardena a sud e l’incantevole Val di Funes a nord.

Da Ortisei saliremo con la funicolare fino all’Alpe che attraverseremo con un’escursione ad anello. Tra boschi, colline, sentieri e deliziosi prati che costellano i crinali di questo altopiano raggiungeremo la cima Rasciesa di Fuori a 2284 metri.

Pranzeremo in rifugio gustando piatti tipici della zona circondati dal panorama mozzafiato di alcune tra le più celebri cime dolomitiche: Marmolada, Sassolungo e Catinaccio.

Questa escursione sarà un susseguirsi di panorami e vedute alpine che si affacciano sulle
montagne più notevoli dell’intero complesso dolomitico. Esploreremo da vicino il gruppo del Sassolungo che comprende il Sasso Levante e il massiccio del Sassopiatto.

Cammineremo lungo il sentiero di crinale Federico Augusto, un’antica via di comunicazione utilizzata soprattutto a fini militari tra la Val di Fassa e l’Alpe di Siusi, lungo il quale una dolce sorpresa delizierà i nostri palati.

A seguire raggiungeremo il Rifugio Sassopiatto dove ci fermeremo per il pranzo e per un meritato riposo prima di riprendere la strada verso l’albergo.l viaggio

Il terzo giorno ci regaleremo un’escursione più semplice, per recuperare un po’ di forze, utilizzando anche la funicolare Col Raiser.

Saliremo sul Monte Pic, sopra il paese di Santa Cristina, una montagna più bassa rispetto alle vette dolomitiche circostanti, che grazie alla sua posizione centrale è però in grado di regalare uno straordinario panorama sulla Val Gardena.

Per goderci lo scenario al meglio raggiungeremo la cima del Monte Pic (2363 m) attraversando l’Alpe Seurasas, e da lì si apriranno vedute paradisiache sull’intera valle: le Odle, il gruppo Sella, Il Sassolungo e il Sassopiatto, l’Alpe di Siusi, le cime di Terrarossa e lo Sciliar.

Pranzeremo in rifugio in totale relax e attorniati da uno spettacolo a 360 gradi.

Questa sarà l’escursione più impegnativa di tutto il nostro viaggio, ma anche la più bella.

Con la funicolare Col Raiser saliremo fino all’altopiano del Puez, situato nel Parco nazionale Puez-Odle, dove ci aspetta un paesaggio meraviglioso, dall’aspetto lunare, caratterizzato da ambienti rocciosi estremamente scenografici con una vista a 360 gradi su tutti i vicini gruppi dolomitici: le Odle, il gruppo Sella, la Marmolada, il Piz Boè e il gruppo del Sassolungo.

Raggiungeremo quindi il Rifugio Puez a quota 2475 metri per il pranzo, per poi rientrare verso Selva percorrendo la Vallunga, la valle per eccellenza della Val Gardena.

Con l’ultima escursione della settimana sarete affascinati dalla vista panoramica che vi offrirà L’Alpe di Siusi, il più esteso altipiano d’Europa ed uno dei luoghi più spettacolari al mondo.

A un’altitudine compresa tra 1.700 e 2.400 metri assaporerete una reale sensazione di benessere con panorami mozzafiato sulle vicine cime dolomitiche di Sassolungo, Sassopiatto e Sciliar, e dai profumati prati delle malghe.

Sarà una giornata all’insegna del relax in natura gustando deliziose specialità con i sapori alpini.
